 and n?
9
Let w(q) = q**2 + 5*q - 6 - 3*q - 5*q - 5*q. Let y be w(11). Calculate the highest common factor of 3 and y.
3
Let t be (9/(-27))/((-1)/12). What is the greatest common factor of 6 and t?
2
Suppose 0 = 18*v - 110 - 772. Calculate the highest common factor of v and 14.
7
Suppose j - 4 = -j. Suppose -j*l + 0*l = 3*f - 5, 2*f - 6 = 0. Let t be (-1588)/(-16) + l/8. Calculate the highest common factor of 9 and t.
9
Suppose -3*p = -0*p - 12. Suppose 0 = f + p*h, -6*h - 1 = f - h. Let b = 32 + 12. Calculate the highest common factor of b and f.
4
Let d be (-2)/(-13) + 696/39. Calculate the greatest common divisor of 72 and d.
18
Let l = -30 - -16. Let w be (l/21)/(4/(-18)). Suppose -2*i = -c - 0*c - 43, -63 = -w*i + c. What is the highest common divisor of i and 20?
20
Let m(f) = f**2 - 3*f - 4. Let c be m(4). Suppose c = 2*t - 6. What is the greatest common factor of t and 2?
1
Let v = 3 + 1. Suppose 3*b - 2*b = -v*l + 28, 2*l - 3*b = 28. What is the greatest common divisor of l and 1?
1
Suppose -3*v = v - 252. Suppose 5*k - 9 - 11 = -3*g, -5*k + 4*g = 15. Suppose -y = -k - 8. What is the highest common divisor of y and v?
9
Let w be 9/2*30/45. Suppose 0 = q + 8*t - 4*t - 58, 0 = -3*q - w*t + 165. What is the greatest common divisor of 6 and q?
6
Suppose -19 = -p - 5*c, 0 = -p - p + 3*c + 90. Let w = p + -26. Calculate the greatest common divisor of w and 39.
13
Let t(k) = 61*k - 4. Let w be t(4). Suppose 0 = -v - v + w. Calculate the greatest common divisor of v and 15.
15
Let w be (-78)/(-12)*1*-2. Let n = -2 - w. What is the highest common factor of n and 55?
11
Suppose -5*h - 3*a = -114, -7*h + 2*a + 124 = -2*h. What is the greatest common divisor of 192 and h?
24
Let z be 0 + -2 + -1 + 3. Suppose 3*j + z = 12. Suppose -i - 24 = -2*i. What is the highest common factor of i and j?
4
Suppose -2*y - 8 = -32. Let s = y - 6. Let r be (8/8)/((-1)/(-6)). What is the highest common factor of s and r?
6
Let a = -26 - -50. Suppose -3*z - z + 48 = 0. What is the highest common factor of z and a?
12
Let q(h) = -h**3 + 4*h + 1. Let u be q(-3). Let t be 20/(-15) + 372/9. What is the highest common divisor of u and t?
8
Suppose -i + 3*z - 5*z = -153, -2*i + 341 = -3*z. Let p = -105 + i. What is the greatest common divisor of p and 87?
29
Let x = -2 - -2. Let v = x - -10. Calculate the greatest common divisor of v and 20.
10
Let a(h) = -h**3 - 5*h**2 + 4*h - 7. Let o = -4 + -2. Let n be a(o). What is the greatest common factor of 5 and n?
5
Suppose 4*x + 6 = 2*x + 4*q, 0 = -5*x - 4*q + 27. Calculate the greatest common factor of 3 and x.
3
Let r = 19 + -8. Let u = r - -9. Let n = 29 + 21. Calculate the greatest common factor of n and u.
10
Suppose -3 = -8*s + 7*s. Let z(q) = q**3 - 2*q - 1. Let k be z(-2). Let i be 51/15 + 2/k. Calculate the highest common factor of s and i.
3
Let y be (-2)/12 - (-1893)/18. What is the greatest common factor of 15 and y?
15
Let q(w) = -2*w - 14. Let o = 7 + -17. Let n be q(o). Calculate the highest common divisor of 66 and n.
6
Let x(o) = o**2 + 6*o. Let b be x(-5). Let r(j) = -j**3 - 5*j**2 + 3. Let d be r(b). Let g be 22*(d/(-3))/(-2). What is the highest common factor of g and 55?
11
Let x(u) = -2*u**2 - 18*u - 16. Let a be x(-7). Calculate the highest common factor of 60 and a.
12
Let w be 2/3 - (-1328)/6. Let f = 335 - w. Let p = f + -64. Calculate the greatest common divisor of 7 and p.
7
Let m(r) = 5*r - 3. Let f be m(3). Let y = 10 + f. Let g(v) = 10*v + 2. Let j be g(2). Calculate the greatest common divisor of j and y.
22
Suppose 5*t + 153 = 28. Let f = -17 - t. Let s be -8*(0 - (1 - 0)). What is the greatest common divisor of f and s?
8
Let r(j) be the second derivative of 3*j**4/2 - j**3/6 + j. Suppose -31*t + 6 = -28*t. Let d be r(t). Calculate the greatest common factor of d and 28.
14
Suppose -6*r = -r + 65. Let k = -7 - r. Let q(c) = 22*c. Let f be q(3). Calculate the highest common divisor of f and k.
6
Let c be (-141)/2*22/(-33). Let a = -31 + c. Calculate the greatest common factor of 16 and a.
16
Let y be (-8)/2 - (-5)/1. Calculate the greatest common factor of y and 8.
1
Let r = -9 + 13. Let k be (-1)/4 + 6/(-8). Let h be (1/k)/((-1)/20). What is the highest common factor of h and r?
4
Suppose -m + 4*m = 21. What is the highest common factor of m and 28?
7
Let y(h) = -39*h. Let k be y(-1). Calculate the highest common divisor of k and 429.
39
Let c(g) = 19*g - 6. Let s(b) = -b**3 - 5*b**2 + 4*b - 6. Let t be s(-6). Let k be c(t). What is the highest common factor of k and 12?
12
Let p = 0 + 3. Suppose 4*o - 2 = 2*q, -o - 1 = -2*q + p. Suppose -26 + 6 = -o*s. Calculate the greatest common divisor of 5 and s.
5
Suppose -3*a = a - 8. Suppose a*q + 6 = 4*j, -3*q + 0 = 2*j + 1. What is the greatest common divisor of j and 5?
1
Suppose v - s = 5, -v - 3*s - 2*s - 1 = 0. Let u be (5 + -1)*(1 - -3). What is the highest common divisor of u and v?
4
Let w = 9 - -75. Let y = -45 - -66. What is the highest common factor of y and w?
21
Suppose 2*g + 114 = 4*g. What is the greatest common factor of g and 38?
19
Suppose 6*u - 6 - 6 = 0. What is the greatest common divisor of 10 and u?
2
Suppose -5*s = -0*s + 10. Let o be 23 + s/(6/(-3)). What is the greatest common factor of 12 and o?
12
Suppose 0 = 4*o + 4*n - 44, 4*n - 7 = -o + 13. What is the greatest common factor of o and 24?
8
Let v be (-14)/(-10) + (-8)/20. Suppose 12 + 3 = 5*t. What is the highest common divisor of t and v?
1
Let s(w) = w**2 + 3. Let p be s(0). Suppose -r = -c - 14, -3*c - c = p*r - 49. What is the highest common factor of 165 and r?
15
Let g(c) = 7*c - 10. Let u be g(6). Calculate the highest common divisor of u and 80.
16
Let f(l) = l**3 + 5*l**2 - 5*l - 6. Let k be f(-4). Calculate the highest common factor of 3 and k.
3
Suppose 5*k - n - n = 32, -2*n - 2 = 0. Calculate the greatest common divisor of k and 9.
3
Suppose 3*w - 20 = w. Suppose 7*d - 135 = 5. What is the highest common divisor of d and w?
10
Let t be 5 + 0 + 1 + 7 + -6. Let a be ((-6)/9)/((-4)/42). Calculate the highest common divisor of a and t.
7
Let c(r) = 2*r**3 + 2*r - 1. Let a be c(1). Let w(x) = -1 - 6*x**2 + x + 5 - x**a - 2*x. Let n be w(-6). What is the highest common factor of 15 and n?
5
Suppose 2*m + 5*y + 80 = 6*m, 5*m = -4*y + 59. Let z = -3 + 7. Suppose 0*x - 24 = -z*x. What is the highest common divisor of x and m?
3
Let n be 5/(2 + (-237)/120). Suppose 5*z - 1000 = -2*v - 3*v, z - 5*v = n. Calculate the greatest common divisor of 25 and z.
25
Let m(y) = y**3 - 23*y**2 - 22*y - 33. Let b be m(24). Calculate the greatest common divisor of 6 and b.
3
Suppose -5*f = z - 36, -4*f + 3*z + 11 = -2*f. Let r = 2 + f. What is the greatest common divisor of 36 and r?
9
Let y = 20 - 4. Let x be ((-84)/2)/(-3 + 42/16). Calculate the greatest common factor of y and x.
16
Suppose -79 = -i - 44. Let v(c) = 3*c - 1. Let g be v(2). What is the highest common divisor of i and g?
5
Let u(p) = -4*p**2 - 25*p - 3. Let k be u(-6). Suppose 0 = -2*s - s + i + 103, s = 5*i + 53. Calculate the highest common divisor of s and k.
3
Let b = 8 + -8. Suppose 4*r + 2*x = -46, -x - 32 = 3*r - b*x. Let u = r + 14. Calculate the greatest common factor of u and 20.
5
Let g(s) = -7 + 2 - s**2 + 7*s - 1. Let d be g(5). Suppose -14 = -4*j - w, -2*j = -d*j - 3*w + 12. Calculate the highest common factor of 3 and j.
3
Suppose y + 3*y + n - 17 = 0, -2*n = 5*y - 25. Let b be 60/y + (-1 - 1). What is the greatest common divisor of 198 and b?
18
Let q(i) = i - 7. Let g be q(5). Let k be (5 - -46) + g/(-2). What is the highest common factor of 13 and k?
13
Let s be 35/2*2*-1. Let h = -54 - s. Let p be (h + 5)*-1*1. Calculate the greatest common divisor of 56 and p.
14
Let n = 6 - 6. Let r(v) = v**2 - v + 1844. Let y be r(n). Let k be y/12 + (-2)/3. Calculate the highest common divisor of k and 17.
17
Suppose 3*g - 135 = -0*g. Suppose 2*x - g = -x. Suppose 2*s + 2*n = 272, n + 2 = 3. What is the greatest common factor of s and x?
15
Let k be (12/22)/3 - (-152)/11. Calculate the greatest common factor of 70 and k.
14
Let p(a) = a**2 + 3*a - 8. Let o(f) = -f**3 - 7*f**2 + f + 1. Let t be o(-7). Let c be p(t). Let v = 27 + -7. What is the greatest common divisor of c and v?
10
Let m(i) = 2*i**2 + 12